
False
Is 13684 a multiple of 38?
False
Is 46 a factor of 5703?
False
Does 33 divide 4587?
True
Does 14 divide 881?
False
Is 1711 a multiple of 59?
True
Is 14 a factor of 747?
False
Does 28 divide 2139?
False
Is 7356 a multiple of 12?
True
Is 2245 a multiple of 16?
False
Does 7 divide 1841?
True
Does 13 divide 481?
True
Does 27 divide 45531?
False
Is 76 a factor of 15732?
True
Is 6222 a multiple of 34?
True
Is 7666 a multiple of 33?
False
Is 9 a factor of 467?
False
Does 13 divide 52?
True
Is 2183 a multiple of 37?
True
Is 286 a multiple of 13?
True
Is 63612 a multiple of 108?
True
Is 25 a factor of 19686?
False
Is 23 a factor of 5147?
False
Does 17 divide 901?
True
Does 130 divide 12307?
False
Is 6 a factor of 582?
True
Is 164 even?
True
Does 21 divide 3885?
True
Is 8742 a multiple of 62?
True
Is 2477 a multiple of 49?
False
Is 27 a factor of 29241?
True
Does 28 divide 1424?
False
Is 47 a factor of 2645?
False
Is 94 a factor of 846?
True
Is 3045 a multiple of 62?
False
Is 27 a factor of 29241?
True
Is 4 a factor of 978?
False
Is 10474 a multiple of 18?
False
Is 20 a factor of 1360?
True
Does 16 divide 3983?
False
Is 5 a factor of 185?
True
Is 39 a factor of 32097?
True
Is 1790 a multiple of 10?
True
Is 350 a multiple of 7?
True
Is 895 a multiple of 3?
False
Is 291 a multiple of 3?
True
Is 98 a multiple of 7?
True
Is 44 a factor of 5676?
True
Does 65 divide 455?
True
Is 5639 a multiple of 15?
False
Is 3187 even?
False
Is 17771 a multiple of 12?
False
Is 12700 a multiple of 89?
False
Is 27 a factor of 25137?
True
Is 19 a factor of 38?
True
Does 10 divide 33596?
False
Is 9 a factor of 774?
True
Does 15 divide 1433?
False
Is 544 a multiple of 27?
False
Is 4466 a multiple of 12?
False
Is 15 a multiple of 5?
True
Is 5902 a multiple of 26?
True
Does 44 divide 5286?
False
Is 3762 a multiple of 22?
True
Is 9 a factor of 3703?
False
Is 120 a factor of 3456?
False
Is 7 a factor of 11809?
True
Is 5522 a multiple of 22?
True
Does 105 divide 3220?
False
Is 200 a multiple of 5?
True
Is 148 a factor of 15881?
False
Does 74 divide 1702?
True
Is 168 a multiple of 21?
True
Is 51340 a multiple of 302?
True
Does 17 divide 462?
False
Does 51 divide 1173?
True
Is 1221 a multiple of 33?
True
Is 5544 a multiple of 24?
True
Does 22 divide 4708?
True
Is 578 a multiple of 17?
True
Is 5 a factor of 21679?
False
Is 70 a factor of 1680?
True
Is 2625 a multiple of 75?
True
Is 48705 a multiple of 16?
False
Is 35 a factor of 50540?
True
Is 3708 a multiple of 9?
True
Is 21 a factor of 411?
False
Does 15 divide 1260?
True
Is 21 a factor of 2184?
True
Is 816 a multiple of 16?
True
Is 101 a factor of 101?
True
Does 24 divide 483?
False
Does 65 divide 910?
True
Is 2408 a multiple of 98?
False
Does 2 divide 4240?
True
Is 1092 a multiple of 21?
True
Is 10 a factor of 27650?
True
Does 14 divide 1425?
False
Does 7 divide 9648?
False
Is 8 a factor of 2220?
False
Is 104 a factor of 9360?
True
Is 23694 a multiple of 66?
True
Is 957 a multiple of 87?
True
Is 116 a factor of 29058?
False
Is 25032 a multiple of 149?
True
Is 70 a factor of 8366?
False
Is 283 a factor of 52355?
True
Is 4 a multiple of 4?
True
Does 6 divide 1002?
True
Is 49 a factor of 10303?
False
Does 63 divide 339?
False
Is 10891 a multiple of 8?
False
Is 38 a factor of 152?
True
Is 32 a factor of 14642?
False
Is 1023 a multiple of 11?
True
Is 41 a factor of 1341?
False
Does 13 divide 1053?
True
Is 399 a multiple of 7?
True
Is 41275 a multiple of 65?
True
Is 2728 a multiple of 34?
False
Is 13 a factor of 416?
True
Is 10 a factor of 44110?
True
Is 3 a factor of 168?
True
Does 60 divide 11059?
False
Does 5 divide 11606?
False
Is 12 a factor of 648?
True
Is 8 a factor of 1328?
True
Is 8732 a multiple of 37?
True
Does 5 divide 240?
True
Is 32 a factor of 228?
False
Is 10 a factor of 428?
False
Does 2 divide 205?
False
Is 11979 a multiple of 27?
False
Does 44 divide 6824?
False
Is 88979 a multiple of 22?
False
Does 3 divide 270?
True
Is 4729 a multiple of 79?
False
Does 46 divide 5848?
False
Is 49 a factor of 233?
False
Is 3325 a multiple of 133?
True
Is 247 a multiple of 19?
True
Is 39726 a multiple of 8?
False
Is 8190 a multiple of 30?
True
Is 8 a factor of 600?
True
Does 11 divide 66?
True
Is 8 a factor of 486?
False
Does 52 divide 7462?
False
Does 201 divide 61506?
True
Does 30 divide 120?
True
Is 39 a factor of 20514?
True
Does 13 divide 286?
True
Is 17 a factor of 7304?
False
Is 3882 a multiple of 95?
False
Is 13968 a multiple of 83?
False
Is 1541 a multiple of 11?
False
Does 6 divide 6164?
False
Is 107 a multiple of 8?
False
Is 225 a factor of 112950?
True
Does 17 divide 595?
True
Is 72 a factor of 1392?
False
Is 1100 a multiple of 110?
True
Is 1501 a multiple of 106?
False
Is 8 a factor of 13248?
True
Does 3 divide 6822?
True
Is 45499 a multiple of 409?
False
Does 8 divide 4125?
False
Is 9 a factor of 15273?
True
Is 1376 a multiple of 43?
True
Is 15140 a multiple of 116?
False
Does 60 divide 10496?
False
Does 5 divide 5745?
True
Is 11 a factor of 5760?
False
Is 71 a factor of 5538?
True
Does 31 divide 265?
False
Is 2 a factor of 2393?
False
Is 27 a factor of 999?
True
Does 3 divide 314?
False
Is 3 a multiple of 2?
False
Is 2524 a multiple of 17?
False
Is 36 a factor of 2378?
False
Is 105 a factor of 30200?
False
Is 45 a multiple of 15?
True
Is 10682 a multiple of 98?
True
Is 3 a factor of 465?
True
Is 1066 a multiple of 19?
False
Is 3013 a multiple of 38?
False
Is 131 a factor of 4061?
True
Does 68 divide 2856?
True
Does 17 divide 697?
True
Is 11 a factor of 638?
True
Is 330 a multiple of 15?
True
Does 45 divide 90?
True
Is 290 a multiple of 29?
True
Is 103 a factor of 2223?
False
Does 8 divide 22200?
True
Is 26 a factor of 4212?
True
Is 303 a multiple of 4?
False
Is 124 a multiple of 17?
False
Does 3 divide 10704?
True
Is 120200 a multiple of 100?
True
Is 151 a multiple of 12?
False
Is 26884 a multiple of 44?
True
Does 20 divide 299?
False
Is 4 a factor of 920?
True
Is 2329 a multiple of 28?
False
Does 3 divide 498?
True
Does 110 divide 24530?
True
Is 112 a factor of 21392?
True
Does 8 divide 960?
True
Is 56 a factor of 40189?
False
Does 38 divide 26987?
False
Is 769 a multiple of 13?
False
Is 2447 a multiple of 49?
False
Is 226 a multiple of 50?
False
Is 125 a multiple of 72?
False
Does 72 divide 1656?
True
Is 3 a factor of 1885?
False
Does 5 divide 1062?
False
Is 11 a factor of 9142?
False
Is 8316 a multiple of 297?
True
Is 49 a factor of 71638?
True
Does 7 divide 504?
True
Is 33332 a multiple of 26?
True
Is 3551 a multiple of 7?
False
Does 6 divide 132?
True
Is 134 a factor of 10518?
False
Is 5 a factor of 1665?
True
Is 8 a factor of 176?
True
Does 82 divide 902?
True
Is 3 a factor of 2516?
False
Is 19596 a multiple of 6?
True
Is 167756 a multiple of 17?
True
Is 20 a factor of 243?
False
Is 3 a factor of 42?
True
Does 8 divide 214?
False
Is 56 a factor of 1493?
False
Is 4930 a multiple of 34?
True
Is 4 a factor of 6993?
False
Does 279 divide 111321?
True
Does 22 divide 1826?
True
Is 108 a factor of 13459?
False
Is 37 a factor of 1480?
True
Is 10 a factor of 2830?
True
Is 73 a factor of 376?
False
Is 18 a factor of 44496?
True
Is 373 a multiple of 21?
False
Is 24624 a multiple of 18?
True
Does 16 divide 48?
True
Is 45 a factor of 25093?
False
Does 62 divide 624?
False
Is 1023 a multiple of 33?
True
Does 13 divide 39120?
False
Does 11 divide 91?
False
Is 4889 a multiple of 15?
False
Does 102 divide 3060?
True
Is 80 a factor of 80?
True
Is 2300 a multiple of 3?
False
Is 108562 a multiple of 62?
True
Is 5 a factor of 898?
False
Does 33 divide 1122?
True
Does 108 divide 6048?
True
Does 26 divide 392?
False
Is 1851 a multiple of 4?
False
Is 14990 even?
True
Does 71 divide 1491?
True
Is 76 a multiple of 4?
True
Does 2 divide 4391?
False
Does 32 divide 1588?
False
Does 26 divide 278?
False
Does 25 divide 175?
True
Does 95 divide 704?
False
Is 24 a factor of 600?
True
Is 360 a multiple of 40?
True
Is 1736 a multiple of 59?
False
Is 13 a factor of 648?
False
Does 114 divide 22230?
True
Does 12 divide 12768?
True
Is 46 a factor of 3896?
False
Is 17 a factor of 2312?
True
Is 2729 a multiple of 20?
False
Is 18 a factor of 7749?
False
Does 4 divide 275?
False
Is 42 a factor of 3247?
False
Is 6 a factor of 360?
True
Is 215 eve